 5*k - 6, 4*y = -k + 2. Suppose y = 3*s - 7*s + 24. List the prime factors of -4*(-1)/2 + s.
2
Let u = -64 + 91. List the prime factors of u.
3
Let h(b) = b**3 - 11*b**2 + 11*b - 14. Let l be h(10). Let u(p) = 4 + 4*p**2 + p**2 + 2*p + 2*p + p**3. List the prime factors of u(l).
2
Let t = 5 + -2. Suppose -21 = -4*k + 5*j, -30 = -t*k + 3*j - 4*j. What are the prime factors of k?
3
Let y be (1 - 5) + (-220)/(-2). Suppose 3*a - y = k + 19, 88 = 2*a - 3*k. What are the prime factors of a?
41
Let j(s) = -s + 5. Let q(x) = x**2 - 5*x + 7. Let a be q(5). Let b be j(a). Let k(v) = -11*v - 3. What are the prime factors of k(b)?
19
Let n(y) be the second derivative of -y**3/6 - 2*y**2 + 3*y. Let u be n(-8). Suppose 0 = -4*c - u + 24. What are the prime factors of c?
5
Suppose 0 = 5*w - 74 - 1. Let t = -6 + w. List the prime factors of t.
3
Suppose -3 = -z + w - 5, -w = 4*z - 12. Suppose 0 = 4*b + 3*d - 4*d - 61, 0 = 2*b + z*d - 18. What are the prime factors of b?
2, 7
Let x(z) = z**3 + 5*z**2 - 6*z. Let l be x(-6). Suppose l*i + 8 = -5*i - j, 0 = 5*j + 15. List the prime factors of (-1 + 0)*i*7.
7
Suppose -3*o = 2*o - 125. List the prime factors of o.
5
Suppose -4*b - 3*n = -3 - 25, -5*b + 36 = 4*n. Let x = b + -2. Suppose -x*k - 2 = -14. List the prime factors of k.
2, 3
List the prime factors of (-550)/(-11) - (1 - 0).
7
Let w(t) = -t**2 - 4*t + 3. Let c be w(-4). Suppose -c*z + 6 = -6. Suppose -28 = -3*y - z. What are the prime factors of y?
2
Let r(h) = 2*h**2. Let m(c) = -1 - 2 - c - 3. Let y be m(-4). List the prime factors of r(y).
2
What are the prime factors of 303/9 - (-16)/(-24)?
3, 11
List the prime factors of (139 - (-18)/(-6)) + -3.
7, 19
Suppose -c = -5*c + 636. What are the prime factors of c?
3, 53
Suppose -12*b = -11*b - 12. What are the prime factors of b?
2, 3
Let c(k) = -k**3 - 3*k**2 - 2*k + 3. List the prime factors of c(-5).
3, 7
Let u = -15 + 26. List the prime factors of u.
11
Suppose -3*q = -6*q - 30. Let p = q - -4. Let b(i) = -i**3 - 6*i**2 - i. What are the prime factors of b(p)?
2, 3
Suppose -4*a - 47 = -m, 4*m = 3*a - 9 + 54. Let v = a - -13. List the prime factors of v.
2
Suppose -5*n + 4*p + 26 = p, 4*n + 3*p - 37 = 0. List the prime factors of n.
7
Suppose -4 - 6 = -2*n. Suppose 0*s + 3*s + 2 = 2*g, 5*s + 10 = n*g. What are the prime factors of s?
2
Let z(p) = -3*p - 8. Let f(a) = 4*a + 9. Let q(o) = -2*f(o) - 3*z(o). Let m be q(-4). Suppose -n + 6 - m = 0. List the prime factors of n.
2
Let u(l) = 26*l + 5. What are the prime factors of u(3)?
83
Suppose -x - 5*m = -34, -85 = -x - 3*x - 3*m. What are the prime factors of x?
19
Let x = -216 + 492. What are the prime factors of x?
2, 3, 23
Let l be 16/3 - (-10)/15. What are the prime factors of (144/56)/(l/28)?
2, 3
List the prime factors of ((-414)/(-10))/((-36)/(-120)).
2, 3, 23
Suppose -3*u + 2*m + 48 = -320, 5*m - 403 = -3*u. Suppose -5*j + 114 = -u. Suppose 0 = 7*d - 4*d - j. What are the prime factors of d?
2
Let f(h) = 8*h**2 - 2*h + 5. List the prime factors of f(-4).
3, 47
Let y(p) = p**3 + 2*p**2 - 4*p. Let f be (6/(-2))/(-1 + 2). Let v be y(f). Suppose -v = -3*g + 3. List the prime factors of g.
2
Suppose 3*a + 0*b = -b + 117, -2*a + 5*b = -61. List the prime factors of a.
2, 19
Let g(n) = -2*n**3 + 3*n**2 - 2. Let m(k) = 3*k**3 - 2*k**2 + 2*k - 1. Let q be m(1). Let t be g(q). List the prime factors of 3 - (-2)/t*0.
3
Let o(z) = -z**3 - 3*z**2 + 4*z + 5. Let q be o(-4). Suppose -q = d - 2*d. Let v(x) = -x**3 + 6*x**2 - 6*x + 7. What are the prime factors of v(d)?
2
Suppose -4*l - 106 = 5*h, -h - h - 48 = 3*l. List the prime factors of (-4)/h + (-690)/(-54).
13
Suppose -2 + 12 = 5*a. Suppose a*y + 3 = -y. Let l(j) = -6*j. List the prime factors of l(y).
2, 3
Let b = 86 - 8. List the prime factors of b.
2, 3, 13
Let p be (-2 - -2)*(-3)/6. Suppose -l - 5*t - 16 = p, -4*l + t = -t + 20. List the prime factors of ((-6)/4)/(l/8).
2
Let p(y) = -9*y - 22. What are the prime factors of p(-8)?
2, 5
List the prime factors of 9/(9/(-40))*42/(-15).
2, 7
Let a(q) = -3*q + 4. What are the prime factors of a(-9)?
31
Let q = 5 + -5. Suppose q = -3*z + 3, -2*b - 4*z = -2*z - 28. List the prime factors of b.
13
Let j = -63 - -173. What are the prime factors of j?
2, 5, 11
Suppose -t - 2*t + 111 = 0. List the prime factors of t.
37
Let d = -4 + 39. List the prime factors of d.
5, 7
Suppose -2*w - 27 = -65. Suppose -3*u + 18 = -4*x, -3*u + 0*u + 2*x + 12 = 0. Suppose u*l - 8 = 3*v, -3*v - 7 + w = 0. List the prime factors of l.
2, 5
Let d(c) = c - 1. Suppose l + l - 8 = 0. What are the prime factors of d(l)?
3
Let l(c) = 14*c**2 - c - 1. Let m be l(-1). Let o = 32 - m. What are the prime factors of o?
2, 3
List the prime factors of (-6)/(-14) + 2340/28.
2, 3, 7
Suppose 0 = -12*f + 7*f + 215. List the prime factors of f.
43
Let q(v) = -v**2 - 11*v + 6. Let l be q(-10). Suppose 0*g = g - l. List the prime factors of g.
2
Let i(y) = 2*y**2 + 2*y - 3. Let c be 12/(-10)*(-5)/(-2). List the prime factors of i(c).
3
Suppose v - 3*n = -0*n - 21, 3*v + n = -63. Let z be 2 + 0/3 - v. Suppose -i + z = 5*k - k, 5*k - 4*i = 55. List the prime factors of k.
7
Let j = 15 + 1. What are the prime factors of (j - 2)*1/2?
7
Let d be (6 - 0)/(1 - 2). Let a(w) = -w - 3. Let b be a(d). Suppose 0 = l + 2*l - 2*u - 16, 3*u = l - b. What are the prime factors of l?
2, 3
Suppose 6*o - 25 = 59. Let x = -18 + 13. Let b = x + o. What are the prime factors of b?
3
Let a = -11 - -3. Let j be (-2)/4*-2 - a. Let o = j - -2. What are the prime factors of o?
11
Suppose -2*d = 4*d - 426. What are the prime factors of d?
71
Let j(l) = l**3 + 5*l**2 - 4*l - 5. Suppose 85 - 25 = 2*p. Suppose -v + 5*k = p, -25 = -v + 2*v - 4*k. What are the prime factors of j(v)?
3, 5
Let a(k) = -1. Let i(t) = -2*t - 2. Let x(z) = 6*a(z) + i(z). List the prime factors of x(-7).
2, 3
Let y(r) = -r**3 - 5*r**2 + 4*r - 4. Let i be y(-7). Suppose -4*w + 3*d = -71, 3*w + w - 2*d = i. Suppose -2*g = w - 38. List the prime factors of g.
2, 3
Let y(k) = k**3 - 2*k**2 + k - 3. Suppose -3 = u + 2. Let r be (-8)/(-20) - 13/u. List the prime factors of y(r).
3
Suppose 0 = a + a - 18. Suppose -4*l - 6 = -2*n, n + 3*l = -2*n + a. List the prime factors of n.
3
Let f = 3 - 5. Let o = 12 + f. List the prime factors of o.
2, 5
Let s(v) = -v**2 + 8*v + 1. List the prime factors of s(6).
13
Let h(w) = w**3 - 4*w**2 + 2*w - 6. Let x be h(5). Let d = x - 22. What are the prime factors of d?
7
Let h = 24 + -14. Let x be ((-4)/h)/((-1)/20). Suppose -13 = u - 4*o, -2*o + x = 2*u - 16. What are the prime factors of u?
7
Suppose -47 = -2*w - 7. List the prime factors of w.
2, 5
Let o(x) = x**3 - 7*x**2 + 6*x + 4. Let t be o(6). Suppose 2*f = -2*f + 20, 0 = -3*h + t*f + 70. What are the prime factors of h?
2, 3, 5
Let q(i) = i**2 - i + 24. Suppose 2*n + 2 = -2*y, 3 = 2*n - 5*y - 2. What are the prime factors of q(n)?
2, 3
Let d = -12 + 14. What are the prime factors of (d + -4)*21/(-6)?
7
What are the prime factors of (10 - -1)/((-2)/80*-4)?
2, 5, 11
Let s(x) be the second derivative of -x**3/3 - 13*x**2/2 - 4*x. What are the prime factors of s(-10)?
7
Let n(s) = s**2 - 5*s - 4. Let p be n(6). Let t = 0 + p. List the prime factors of t.
2
Let l(w) = 4*w**2 + 3*w - 1. List the prime factors of l(-4).
3, 17
Let g(k) = 4*k - 2. Let c(w) = 4*w - 2. Let n(s) = 11*s - 6. Let y(l) = 8*c(l) - 3*n(l). Let z be y(-4). List the prime factors of g(z).
2, 11
Let o(j) = -2*j**3 + 2*j**2 + j. Let q be o(-1). Suppose 4*g = q*f + 55 - 4, -4 = 4*f. Suppose d - 4*d + g = 0. List the prime factors of d.
2
Let t be 0/2*(0 + 1). Let q(u) = u**3 + 7*u**2 - 2*u - 9. Let f be q(-7). Let r = f + t. What are the prime factors of r?
5
Let x be -3*3/3*-1. Let z be 24/15 + 2/5. Suppose -z*f = x*f - 45. List the prime factors of f.
3
Let n = 25 - 3. What are the prime factors of n?
2, 11
Let i = 19 + -36. Let d be (i + (2 - 0))*-1. Suppose 2*r - a = d, 5*a = -r - 4*r. List the prime factors of r.
5
Let b(s) = 7*s + 1. Let g be 2/(-2)*(3 + -3). Suppose o - 1 = -g. What are the prime factors of b(o)?
2
Suppose 2 + 10 = 3*a. List the prime factors of a.
2
Let g(i) = -i + 2. Let c be g(-3). Suppose -3*h + 1 = 4*u - 3, -c*u = -3*h + 22. Let v(w) = w**2 - 3*w + 6. List the prime factors of v(